Let k be 26/8 - (2/(-8))/(-1). Suppose 2*g = -3*p - 21, -2*g - 21 = k*p + 3*g. Let y(m) = m**3 + 6*m**2 - 5*m + 10. Determine y(p).
-4
Let f(s) = -s**3 + 3*s + 3. Let m(h) = -h**3 + 9*h**2 - 15*h + 10. Let y be m(7). Suppose -j = -z + y, 5*z = -4*j - 38 + 8. Give f(z).
5
Let a(w) = -w + 1 - 3*w + 6*w**2 + 3*w**3 - 4*w**3. Suppose 0*l = 2*l - 3*m - 25, -35 = -5*l + 2*m. Suppose -l*q + 13 = -12. Determine a(q).
6
Suppose -2*n = -7*n - 30. Let z(c) be the third derivative of 0*c - 1/2*c**3 + 1/60*c**5 + 1/8*c**4 - 48*c**2 + 0. Calculate z(n).
15
Let m(s) = -s**2 + 6*s. Suppose -2*l - 196 = 2*l. Let o = -42 - l. Determine m(o).
-7
Let a(s) = 14*s - 17. Let w(g) = -5*g + 6. Let k(d) = 6*a(d) + 17*w(d). Determine k(-8).
8
Let b(a) = 9 - 2*a + 4*a - 2. Let x(l) be the third derivative of l**4/6 + 13*l**3/6 + l**2. Let o(c) = -11*b(c) + 6*x(c). Determine o(2).
5
Let j(d) = -d + 10. Let s(q) = q**3 - 38*q**2 + 75*q - 100. Let n be s(36). Calculate j(n).
2
Let f be 21/(-14)*(102/9)/(-1). Let q(w) = -f*w**3 - 4*w**2 + 8*w**3 - 3 - 5*w + 6*w**3 + 2*w**3. Determine q(-3).
3
Let t(q) be the second derivative of 7*q**4/12 + q**3/6 - 5*q**2/2 - 678*q. What is t(-3)?
55
Let l be 44/16 - 3 - (-9)/4. Let q(g) = -2 + 4 - l - g. Determine q(-3).
3
Let g be ((-1)/4*0)/(-60 + 61). Let a(d) = 3*d**2 + 2*d + 4. Let i(q) = 10*q**2 + 7*q + 11. Let p(n) = 7*a(n) - 2*i(n). Determine p(g).
6
Let y(v) = -v**3 + 8*v**2 - 9*v - 4. Let m(p) be the second derivative of p**5/20 - 13*p**4/12 - 2*p**3 - 21*p**2/2 - 29*p. Let z be m(14). Calculate y(z).
-18
Let p(q) = q**2 - 30*q + 32. Let v be p(29). Let b(c) = -3*c. Calculate b(v).
-9
Let n(i) = 2*i + 11. Suppose -31*r = -19*r + 48. What is n(r)?
3
Let h(k) be the second derivative of -k**5/20 + 2*k**4/3 - 7*k**3/6 + 7*k**2/2 + 233*k. Give h(7).
7
Let k(y) = 5*y + 3. Let f(i) = -i**3 - 10*i**2 - 11*i - 20. Let u(l) = 2*l**3 + 6*l**2 - 4*l + 7. Let q be u(-4). Let b be f(q). What is k(b)?
-7
Suppose -2 = -2*x + x. Suppose -j + a + 0*a = -3, x*j + 3*a = -4. Let y be (-6)/(j + 10/(-4)). Let d(r) = -r**3 + 5*r**2 - 4*r + 4. Determine d(y).
4
Let g(t) = -t**3 + 7*t**2 - 6*t + 4. Suppose 0 = 2*z - z - 32. Suppose -4*n + 8 = -z. Suppose 4*p - n = 14. What is g(p)?
4
Let a(y) = 9*y + 1. Let o be -3 - ((2 - 0) + 2). Let r be 10/(-35) + (-23)/o. Let x be -3*(-3 - (-8)/r). Calculate a(x).
10
Let v(r) = -2*r**2 - 7*r + 9. Let w(i) = 3*i**2 + 10*i - 13. Let y(x) = 8*v(x) + 5*w(x). Let k = -1 - -2. Suppose 31 = -5*l + k. Give y(l).
7
Let k(r) = 2*r + 3. Let p(q) = 2*q + 2. Let o(g) = -7*k(g) + 6*p(g). Let u be o(-5). Let v(t) = -15*t + 1. Determine v(u).
-14
Let j = 152 + -147. Let b(g) be the first derivative of -1/4*g**4 - 1/3*g**3 - 1/2*g**2 - g - j. Give b(-1).
0
Let y(k) = -k**3 - 5*k**2 + 7. Let g(l) = 2*l**2 - 3*l. Let t be g(2). Let n be (-1)/((-4)/(-10))*t. What is y(n)?
7
Let t(v) = 4*v + 19. Let l be t(-4). Let d(i) = l + 10*i + 1 + 1 - 4. What is d(-1)?
-9
Let o(d) be the third derivative of 5/24*d**4 + 0*d + 9*d**2 + 0 - 1/30*d**5 - 1/3*d**3. Give o(4).
-14
Let k(z) = -z**2 - 7*z - 6. Let g be (-7)/28 + (-81)/(-4). Suppose 6*t = 10*t - g. Suppose -t*o + y - 13 = 22, 4 = -4*o - 4*y. Calculate k(o).
0
Let r(c) = 2*c. Let g = 9 - 9. Suppose 9*d - 4*d = g. Suppose -9 = -3*s - d. Give r(s).
6
Let u(g) = 3*g**3 - 2 - g + 8*g**3 + 0 - 5*g**3 - 4*g**2 - 7*g**3. Determine u(-4).
2
Let x(l) = l + 10. Let f = 9 - 13. Let t(d) = -2*d - 8. Let n be t(f). Let k be n/((8 + -4)/4). Give x(k).
10
Let c(n) = -5*n + 3. Suppose -21 = 5*t + 2*l, 2*t = -6*l + 5*l - 9. Determine c(t).
18
Let z(o) = 6*o**3 + 2*o**2 - 2*o - 3. Let t(w) = 16*w**3 + 6*w**2 - 7*w - 10. Let d(i) = -2*t(i) + 7*z(i). Calculate d(-1).
-9
Let g(u) = -4*u**3 - 18*u**2 - 12*u + 36. Let c(a) = 5*a**3 + 19*a**2 + 12*a - 38. Let o(t) = 3*c(t) + 4*g(t). Determine o(-14).
2
Let i(v) = -6*v**3 + 4*v**2 + 19*v + 5. Let s(g) = g**3 - 3*g - 1. Let l(p) = i(p) + 5*s(p). What is l(-3)?
51
Let v(o) = o**3 - 4*o**2 - 12*o + 3. Let t be v(6). Let l(s) = -3*s**2 - 2*s**3 - 66 + 3*s + s**t + 69. What is l(-3)?
-6
Let x(h) = -h**2 - 5*h. Let d = 17 + -21. Let q be x(d). Let j(f) = -1 - 3 + 5*f + q. Give j(-2).
-10
Let q(c) be the third derivative of -c**4/24 - 2*c**3 - 58*c**2. Determine q(-12).
0
Let p(u) = -2*u - u - 3 + 2*u - u. Give p(4).
-11
Let w(z) = -z**3 - 7*z**2 - 2*z - 3. Let s = -86 + 52. Let y = -41 - s. Give w(y).
11
Suppose -l + 5*l - 2*a = 12, -a - 9 = -5*l. Let x = 67 + -60. Let c(u) = -x*u**2 - u - 2*u - l - u**3 - 3*u + 0. What is c(-6)?
-1
Let s(r) = -r**2 - 140*r + 78*r + 68*r - 2 + 4. Give s(6).
2
Let h(z) = z**2 + 7*z - 3. Let p(m) = 2*m**2 + m - 1. Let u = 4 - 3. Let l be p(u). Suppose -x = -f + 4*x - 26, l*f - x + 16 = 0. Determine h(f).
-9
Suppose 0 = -5*d - 5*z + 30, 2*z + 45 = 4*d + 33. Let h(c) = 2*c**3 - 4*c**2 - c**3 + 3 - c - 1. Calculate h(d).
-2
Let j(t) be the third derivative of -t**6/120 - t**5/12 - t**4/12 + t**3/6 - t**2. Let b = 48 + -45. Let h(i) = -i**3 + 3*i**2 - i. Let r be h(b). Give j(r).
-11
Let g(n) = -21*n + 38. Let c(s) = 13*s - 25. Let i(v) = 8*c(v) + 5*g(v). Give i(-5).
-5
Let h = -91 - -97. Let g(n) = -n**2 + 4*n + 19 - 12 - h + n. Give g(5).
1
Let q = -2342 + 2341. Let s(o) = 45*o**3 + o**2 + 2*o + 1. Calculate s(q).
-45
Let d(g) be the third derivative of g**7/1260 + g**6/360 + 7*g**5/30 + 17*g**2. Let u(b) be the third derivative of d(b). Let l = 2 + 0. Calculate u(l).
10
Let u = 1706 - 1701. Let j(s) = s + 5. Determine j(u).
10
Let s(b) = -14*b. Let m(x) = -5*x. Let n(j) = -11*m(j) + 4*s(j). Let r(d) = -812*d - 3 + 0 + 803*d + 4. Let w(g) = -6*n(g) + r(g). Give w(-2).
7
Suppose -36 = 9*n, -14*v + 5*n = -11*v - 26. Let i(b) = 4*b**3 - b**2 - 4*b + 3. Calculate i(v).
23
Let t be 13/((-546)/(-553)) + (-2)/12. Let x(s) = -s**3 + 12*s**2 + 14*s - 20. What is x(t)?
-7
Let x = 25 - 14. Let d = x - 7. Let w(m) be the second derivative of -m**3/6 - m**2/2 + 219*m. What is w(d)?
-5
Suppose -2753 + 2733 = -4*f. Let y(k) = -2*k. What is y(f)?
-10
Let z(x) = 27*x - x**2 - 34*x - 3 - 1. Let s(k) be the first derivative of k**3/3 - 7*k**2/2 - 6*k + 1. Let r be s(7). Give z(r).
2
Suppose c - d - 8 = 0, -5*d + 4 = 3*c - 4*d. Let f(u) be the first derivative of -2*u**3/3 + 3*u**2/2 + 2*u - 42. Give f(c).
-7
Let l(i) be the second derivative of -11*i**5/120 + i**4/24 + 4*i**3/3 + 15*i. Let s(h) be the second derivative of l(h). What is s(-1)?
12
Let g(n) = n**2 + 35 - 2*n - 5*n - 69 + 41. What is g(7)?
7
Let s(d) = -1378*d + 0*d**3 + 1377*d - d**3 + 14*d**2 + 1 + 4. Give s(14).
-9
Let b(l) = -l**2 - 10*l + 1. Suppose -68*g + 59*g = 99. Give b(g).
-10
Let c(f) = 23*f - f + 1 - 14*f. Let s be 9/(2*(-1)/2). Let o = s - -10. Give c(o).
9
Let y(v) = -13 - 17*v**2 + 28*v**2 - 23*v + 13 - 9*v**2. Calculate y(11).
-11
Let n(c) = 54*c**2 + 100*c**2 - 153*c**2 - 16*c + 4. Give n(15).
-11
Let p(s) = s**2 - 2*s + 1. Let o be p(2). Let x(i) = -469*i**2 + i + 470*i**2 - 10*i**3 - 2*i. Calculate x(o).
-10
Let w(p) = 9 + p - p**3 - p**2 - 5 + 4. Let d = 68 - 44. Let t = -24 + d. What is w(t)?
8
Suppose n - 3*n + 52 = 0. Suppose 5*l = n - 91. Let d = l + 16. Let q(t) = -t**3 + 4*t**2 - t - 1. Give q(d).
5
Suppose 0 = 7*x + 3 - 3. Let c(y) = -3*y - 1 + 2*y**2 + 5*y + x*y. Let j = 5 - 7. Determine c(j).
3
Let c = 106 + -103. Let k(b) = -14*b**2 - 8*b + 17. Let d(j) = 5*j**2 + 3*j - 6. Let q(l) = -11*d(l) - 4*k(l). Calculate q(c).
4
Let r(a) = a**3 + 11*a**2 - 10*a + 13. Suppose 2402*x = 2407*x + 60. Give r(x).
-11
Let t(s) = -s**3 + 5*s**2 - 5*s. Suppose -4*h - 24 + 25 = 3*q, -4*q = 5*h. Calculate t(h).
-4
Let c(v) be the second derivative of v**5/20 - 5*v**4/12 + 5*v**3/6 - 3*v**2/2 + v. Let t(l) = -16*l - 268. Let k be t(-17). Calculate c(k).
1
Let r(i) = -22*i + 8*i - 1 + 10*i. Suppose -4*u = u - 5. What is r(u)?
-5
Let d = 44 + -47. Let i be d - -3*(-8)/6. Let a(x) = -x + 5. Calculate a(i).
12
Let r(j) = 14*j**2 + 18*j**2 - 32*j**2 - 1 + 7*j**2. Suppose 0 = -p + 2*t - 14 + 5, 0 = 5*p + 3*t - 7. Determine r(p).
6
Let y(b) = -b**2 - b + 1. Let f(m) = -4*m**2 - 6*m + 2. Let a(t) = f(t) - 3*y(t). Let o(h) be the first derivative of a(h). Let p = 291 + -288. Give o(p).
-9
Let x = -451 - -460. Let a(q) = -q**2 + 8*q - 5. Give a(x).
-14
Let p(s) = -2*s + 4. Let i(u) = -u + 1. L